{"id":124,"date":"2019-03-01T16:01:25","date_gmt":"2019-03-01T15:01:25","guid":{"rendered":"https:\/\/b2bcomputinglu.wpcomstaging.com\/?page_id=124"},"modified":"2019-04-05T15:43:32","modified_gmt":"2019-04-05T15:43:32","slug":"pourquoi-choisir-notre-cloud","status":"publish","type":"page","link":"https:\/\/www.b2bcomputing.lu\/index.php\/pourquoi-choisir-notre-cloud\/","title":{"rendered":"Synchroniser mes emails, contacts et agenda."},"content":{"rendered":"\n<div class=\"wp-block-ugb-card ugb-card ugb-card--design-plain\"><div class=\"ugb-card__image-container ugb--shadow-1\" style=\"border-radius:3px;background-image:url(https:\/\/www.b2bcomputing.lu\/wp-content\/uploads\/2019\/03\/CREER_UNE_ADRESSE_EMAIL_EXCHANGE.jpg);text-align:left\" data-src=\"https:\/\/www.b2bcomputing.lu\/wp-content\/uploads\/2019\/03\/CREER_UNE_ADRESSE_EMAIL_EXCHANGE.jpg\"><\/div><h4 class=\"ugb-card__title\" style=\"color:#a67242;text-align:left\"> Synchroniser mes emails, contacts et agenda. <\/h4><p class=\"ugb-card__description\" style=\"text-align:left\">Pour une entreprise ou une organisation, un nom de domaine professionnel, avec une adresse web allant de pair, est indispensable.<br>Pour la cr\u00e9dibilit\u00e9 de votre entreprise, une adresse mail professionnelle plut\u00f4t qu&rsquo;une adresse mail gratuite (@hotmail.com ou @gmail.com) vous assurera un plus grand professionnalisme. \u00e0 quel entrepreneur accorderiez-vous plus facilement votre confiance? A jean27301@hotmail.com ou jean.dubois@dubois-construction.be ?<br>De plus une adresse mail professionnelle contribuera davantage \u00e0 la promotion de votre marque. Et en cas de changement de fournisseur d&rsquo;acc\u00e8s \u00e0 Internet, vous garderez toujours votre adresse mail. Gr\u00e2ce au nom de domaine, vous pourrez aussi multiplier les adresses mails pour vos collaborateurs.<br>Id\u00e9al pour une messagerie professionnelle, Exchange est un serveur de messagerie \u00e9lectronique cr\u00e9\u00e9 par le groupe Microsoft. En plus d\u2019assurer ses fonctions primaires (r\u00e9ception, envoi, transfert de messages), la messagerie Exchange permet de g\u00e9rer vos agendas, vos contacts et de lister vos t\u00e2ches \u00e0 effectuer. A l\u2019\u00e9coute des nouveaux besoins, Microsoft offre la possibilit\u00e9 d\u2019utiliser Exchange via des clients web et mobile.<br>Gr\u00e2ce \u00e0 Microsoft Exchange, nous pouvons effectuer une synchronisation de sorte que tous vos comptes soient accessibles et mis \u00e0 jour simultan\u00e9ment sur tous vos appareils. <\/p><\/div>\n\n\n\n<h4 class=\"wp-block-heading\">Pourquoi choisir B2B Computing ? <\/h4>\n\n\n\n<div class=\"wp-block-ugb-icon-list ugb-icon-list-wrapper\"><ul class=\"ugb-icon-list ugb-icon--icon-arrow ugb-icon--columns-1\" style=\"--icon:url('data:image\/svg+xml;base64,PHN2ZyB2aWV3Qm94PSIwIDAgMTk0IDE5NCIgeG1sbnM9Imh0dHA6Ly93d3cudzMub3JnLzIwMDAvc3ZnIiBzdHlsZT0iZmlsbDojYTY3MjQyIj48cGF0aCBkPSJNOTYuOSAyYy01Mi40IDAtOTUgNDIuNi05NSA5NXM0Mi42IDk1IDk1IDk1IDk1LTQyLjYgOTUtOTUtNDIuNi05NS05NS05NXpNNzguMiAxNTAuNGwtMTAuNi0xMC42TDExMC4zIDk3IDY3LjYgNTQuMmwxMC42LTEwLjZMMTMxLjUgOTdsLTUzLjMgNTMuNHoiPjwvcGF0aD48L3N2Zz4=');--icon-size:20px;--gap:16px\"><li> <strong>Synchronisation<\/strong><br>Vous synchronisez vos emails, agenda, contacts sur tous vos p\u00e9riph\u00e9riques (PC Windows &#8211; Tablette &#8211; Smartphone &#8211; Mac &#8211; Android). <\/li><li> <strong>Haute performance<\/strong><br>Gr\u00e2ce \u00e0 notre infrastructure ma\u00eetris\u00e9e \u00e0 100%, h\u00e9berg\u00e9e en Belgique, en France ou au Luxembourg, nous vous garantissons une tr\u00e8s grande rapidit\u00e9 de connexion \u00e0 votre site ainsi qu&rsquo;une tr\u00e8s grande disponibilit\u00e9 de celui-ci. <\/li><li><strong> S\u00e9curit\u00e9<\/strong><br>Nous s\u00e9curisons vos connexions avec nos serveurs gr\u00e2ce au protocole en SSL. <\/li><li> <strong>Solution \u00e9conomique<\/strong><br>Nous vous offrons la tranquillit\u00e9 \u00e0 un prix tr\u00e8s avantageux. <\/li><li> <strong>Monitoring 24\/7<\/strong><br>En cas d&rsquo;anomalie ou d&rsquo;indisponibilit\u00e9, nous sommes avertis par notre syst\u00e8me de monitoring et nous pouvons ainsi intervenir de mani\u00e8re proactive ! <\/li><li><strong> Sauvegarde journali\u00e8re<\/strong><br>Nous sauvegardons le contenu de votre boite email quotidiennement. <\/li><li><strong> Assistance et support<\/strong><br>Nous sommes disponibles \u00e0 vos c\u00f4t\u00e9s pour vous aider en cas de difficult\u00e9. <\/li><\/ul><\/div>\n","protected":false},"excerpt":{"rendered":"<p>Pourquoi choisir B2B Computing ?<\/p>\n<p> <a class=\"more-link\" href=\"https:\/\/www.b2bcomputing.lu\/index.php\/pourquoi-choisir-notre-cloud\/\">Lire la suite<\/a><\/p>","protected":false},"author":1,"featured_media":0,"parent":0,"menu_order":0,"comment_status":"closed","ping_status":"closed","template":"","meta":{"footnotes":""},"class_list":["post-124","page","type-page","status-publish"],"_links":{"self":[{"href":"https:\/\/www.b2bcomputing.lu\/index.php\/wp-json\/wp\/v2\/pages\/124","targetHints":{"allow":["GET"]}}],"collection":[{"href":"https:\/\/www.b2bcomputing.lu\/index.php\/wp-json\/wp\/v2\/pages"}],"about":[{"href":"https:\/\/www.b2bcomputing.lu\/index.php\/wp-json\/wp\/v2\/types\/page"}],"author":[{"embeddable":true,"href":"https:\/\/www.b2bcomputing.lu\/index.php\/wp-json\/wp\/v2\/users\/1"}],"replies":[{"embeddable":true,"href":"https:\/\/www.b2bcomputing.lu\/index.php\/wp-json\/wp\/v2\/comments?post=124"}],"version-history":[{"count":1,"href":"https:\/\/www.b2bcomputing.lu\/index.php\/wp-json\/wp\/v2\/pages\/124\/revisions"}],"predecessor-version":[{"id":606,"href":"https:\/\/www.b2bcomputing.lu\/index.php\/wp-json\/wp\/v2\/pages\/124\/revisions\/606"}],"wp:attachment":[{"href":"https:\/\/www.b2bcomputing.lu\/index.php\/wp-json\/wp\/v2\/media?parent=124"}],"curies":[{"name":"wp","href":"https:\/\/api.w.org\/{rel}","templated":true}]}}